{"id":2,"date":"2009-10-14T15:58:56","date_gmt":"2009-10-14T13:58:56","guid":{"rendered":"http:\/\/ziszu.kei.pl\/markd\/?page_id=2"},"modified":"2024-04-14T14:07:35","modified_gmt":"2024-04-14T14:07:35","slug":"informacje","status":"publish","type":"page","link":"https:\/\/markd.pl\/?page_id=2","title":{"rendered":"O autorze"},"content":{"rendered":"<p>To jest m\u00f3j blog \u017ar\u00f3d\u0142owy. Pisz\u0119, bo denerwuje mnie rzeczywisto\u015b\u0107 a Polska mnie nie nudzi!<\/p>\n<p>OK, czas si\u0119 zdeklarowa\u0107. Naj\u0142atwiej jak zwykle wypunktowa\u0107. Oto moje 10+1 pogl\u0105d\u00f3w:<\/p>\n<p>1. Uwa\u017cam \u017ce <a href=\"http:\/\/www.youtube.com\/watch?v=Q8tWkfyfmig\">komuni\u015bci<\/a>, aktywni i sprawuj\u0105cy w\u0142adz\u0119 w PRL powinni dzi\u015b gni\u0107 w wi\u0119zieniach za zdrad\u0119 Ojczyzny. Co niekt\u00f3rzy powinni otrzyma\u0107 kar\u0119 \u015bmierci.<\/p>\n<p>2. Z 1. wynika, i\u017c jestem za kar\u0105 \u015bmierci jako zap\u0142at\u0105 za wyrz\u0105dzenie podobnego gatunku krzywdy innym. Z\u0105b za z\u0105b&#8230; Ale jestem przeciwko eutanazji i przeciw aborcji, gdy\u017c upatruj\u0119 w tym mo\u017cliwo\u015bci r\u00f3\u017cnego rodzaju manipulacji w szczeg\u00f3lno\u015bci maj\u0105tkowych. Pewn\u0105 rol\u0119 odgrywa w moich pogl\u0105dach na te dwie sprawy stanowisko Ko\u015bcio\u0142a Katolickiego.<\/p>\n<p>3.Historycznym b\u0142\u0119dem by\u0142o przyj\u0119cie okupacji sowieckiej (prawie) bez walki, w szczeg\u00f3lno\u015bci postaw\u0119 polskich elit intelektualnych. Postaw\u0119 <a href=\"http:\/\/podziemiezbrojne.blox.pl\/html\"><span style=\"text-decoration: underline;\">\u017bo\u0142nierzy wykl\u0119tych<\/span><\/a> szanuj\u0119 i traktuj\u0119 jako wz\u00f3r patriotyzmu<\/p>\n<p>4. UE to dla mnie czysta posta\u0107 komunizmu z &#8222;ludzk\u0105 twarz\u0105&#8221;. Demokracja jest tu przykrywk\u0105 do totalnej manipulacji. St\u0105d wszyscy euroentuzja\u015bci (w\u015br\u00f3d kt\u00f3rych dominuje wszelkiej ma\u015bci lewica) budz\u0105 moj\u0105 niech\u0119\u0107 i s\u0105 gro\u017ani w stopniu por\u00f3wnywalnym do komunist\u00f3w z lat 40.<\/p>\n<p>5. Nie czuj\u0119 si\u0119 winny zbrodni w Jedwabnem, do kt\u00f3rej przyzna\u0142 si\u0119 Kwa\u015bniewski. \u015aledztwo w tej sprawie by\u0142o zmanipulowane przez wrogie polskiemu interesowni narodowemu si\u0142y. Dodam, \u017ce tego typu podlizywanie si\u0119 \u017bydom uwa\u017cam za haniebne.<\/p>\n<p>6. Za zbrodnie nale\u017cy odpowiada\u0107. Za Katy\u0144 &#8211; Rosjanie, za O\u015bwi\u0119cim i traktowanie Polak\u00f3w &#8211; Niemcy, za Wo\u0142y\u0144 &#8211; Ukrai\u0144cy, za wprowadzenie r\u0119kami (o tym \u015bwiadcz\u0105 fakty) \u017byd\u00f3w, komunizmu w Polsce &#8211; Rosjanie i \u017bydzi oraz Polacy. Je\u015bli s\u0105 lub b\u0119d\u0105 udowodnione winy moich rodak\u00f3w &#8211; pochyl\u0119 g\u0142ow\u0119 w pokorze. Za 68 &#8211; Rosjanie i najemnicy m.in. polscy.<\/p>\n<p>7. III RP to transformacja PRLu.<\/p>\n<p>8. Demokracja w jej dzisiejszej postaci to najlepszy do manipulacji system. W du\u017cym stopniu manipulacja ta wykonywana jest przez postkomunistyczne media. Bez mocnego uderzenia w struktur\u0119 medi\u00f3w w Polsce, nic si\u0119 nie zmieni<\/p>\n<p>9. W polityce mi\u0119dzynarodowej drog\u0105 do pokoju jest stosowanie si\u0142y przeciwko Rosji i pa\u0144stwom bandyckim. Uleganie szanta\u017cowi jest w ka\u017cdym przypadku b\u0142\u0119dem.<\/p>\n<p>10. Ograniczanie wolnego rynku jest objawem choroby \u015bwiata na lewactwo. Tu (jedynie) jestem konserwatywnym <b>libera\u0142em<\/b> w stylu UPR.<\/p>\n<p>11. Z kilkoma innymi oszo\u0142omami prowadz\u0119 gadane polityczne <span style=\"text-decoration: underline;\"><a href=\"http:\/\/niepoprawneradio.pl\">Niepoprawne Radio PL<\/a><\/span> internetowe.<\/p>\n<p>12. 10.IV.2010 jest dat\u0105 najwa\u017cniejsz\u0105 w najnowszej historii Polski<\/p>\n<p><strong>Uwagi dotycz\u0105ce tej strony:<\/strong><br \/>\nKomentarze, poza pierwszym oraz takimi kt\u00f3re zawieraj\u0105 wi\u0119cej ni\u017c 2 linki, nie s\u0105 moderowane!<br \/>\nUwaga. Ograniczenie na ilo\u015b\u0107 link\u00f3w wprowadzi\u0142em po otrzymaniu pierwszej setki spamu.<\/p>\n","protected":false},"excerpt":{"rendered":"<p>To jest m\u00f3j blog \u017ar\u00f3d\u0142owy. Pisz\u0119, bo denerwuje mnie rzeczywisto\u015b\u0107 a Polska mnie nie nudzi! OK, czas si\u0119 zdeklarowa\u0107. Naj\u0142atwiej jak zwykle wypunktowa\u0107. Oto moje 10+1 pogl\u0105d\u00f3w: 1. Uwa\u017cam \u017ce komuni\u015bci, aktywni i sprawuj\u0105cy w\u0142adz\u0119 w PRL powinni dzi\u015b gni\u0107 w wi\u0119zieniach za zdrad\u0119 Ojczyzny. Co niekt\u00f3rzy powinni otrzyma\u0107 kar\u0119 \u015bmierci. 2. Z 1. wynika, [&hellip;]<\/p>\n","protected":false},"author":1,"featured_media":0,"parent":0,"menu_order":1,"comment_status":"open","ping_status":"closed","template":"","meta":{"footnotes":""},"class_list":["post-2","page","type-page","status-publish","hentry"],"_links":{"self":[{"href":"https:\/\/markd.pl\/index.php?rest_route=\/wp\/v2\/pages\/2","targetHints":{"allow":["GET"]}}],"collection":[{"href":"https:\/\/markd.pl\/index.php?rest_route=\/wp\/v2\/pages"}],"about":[{"href":"https:\/\/markd.pl\/index.php?rest_route=\/wp\/v2\/types\/page"}],"author":[{"embeddable":true,"href":"https:\/\/markd.pl\/index.php?rest_route=\/wp\/v2\/users\/1"}],"replies":[{"embeddable":true,"href":"https:\/\/markd.pl\/index.php?rest_route=%2Fwp%2Fv2%2Fcomments&post=2"}],"version-history":[{"count":1,"href":"https:\/\/markd.pl\/index.php?rest_route=\/wp\/v2\/pages\/2\/revisions"}],"predecessor-version":[{"id":6217,"href":"https:\/\/markd.pl\/index.php?rest_route=\/wp\/v2\/pages\/2\/revisions\/6217"}],"wp:attachment":[{"href":"https:\/\/markd.pl\/index.php?rest_route=%2Fwp%2Fv2%2Fmedia&parent=2"}],"curies":[{"name":"wp","href":"https:\/\/api.w.org\/{rel}","templated":true}]}}

<p>To jest mój blog źródłowy. Piszę, bo denerwuje mnie rzeczywistość a Polska mnie nie nudzi!</p>
<p>OK, czas się zdeklarować. Najłatwiej jak zwykle wypunktować. Oto moje 10+1 poglądów:</p>
<p>1. Uważam że <a href="http://www.youtube.com/watch?v=Q8tWkfyfmig">komuniści</a>, aktywni i sprawujący władzę w PRL powinni dziś gnić w więzieniach za zdradę Ojczyzny. Co niektórzy powinni otrzymać karę śmierci.</p>
<p>2. Z 1. wynika, iż jestem za karą śmierci jako zapłatą za wyrządzenie podobnego gatunku krzywdy innym. Ząb za ząb&#8230; Ale jestem przeciwko eutanazji i przeciw aborcji, gdyż upatruję w tym możliwości różnego rodzaju manipulacji w szczególności majątkowych. Pewną rolę odgrywa w moich poglądach na te dwie sprawy stanowisko Kościoła Katolickiego.</p>
<p>3.Historycznym błędem było przyjęcie okupacji sowieckiej (prawie) bez walki, w szczególności postawę polskich elit intelektualnych. Postawę <a href="http://podziemiezbrojne.blox.pl/html"><span style="text-decoration: underline;">Żołnierzy wyklętych</span></a> szanuję i traktuję jako wzór patriotyzmu</p>
<p>4. UE to dla mnie czysta postać komunizmu z &#8222;ludzką twarzą&#8221;. Demokracja jest tu przykrywką do totalnej manipulacji. Stąd wszyscy euroentuzjaści (wśród których dominuje wszelkiej maści lewica) budzą moją niechęć i są groźni w stopniu porównywalnym do komunistów z lat 40.</p>
<p>5. Nie czuję się winny zbrodni w Jedwabnem, do której przyznał się Kwaśniewski. Śledztwo w tej sprawie było zmanipulowane przez wrogie polskiemu interesowni narodowemu siły. Dodam, że tego typu podlizywanie się Żydom uważam za haniebne.</p>
<p>6. Za zbrodnie należy odpowiadać. Za Katyń &#8211; Rosjanie, za Oświęcim i traktowanie Polaków &#8211; Niemcy, za Wołyń &#8211; Ukraińcy, za wprowadzenie rękami (o tym świadczą fakty) Żydów, komunizmu w Polsce &#8211; Rosjanie i Żydzi oraz Polacy. Jeśli są lub będą udowodnione winy moich rodaków &#8211; pochylę głowę w pokorze. Za 68 &#8211; Rosjanie i najemnicy m.in. polscy.</p>
<p>7. III RP to transformacja PRLu.</p>
<p>8. Demokracja w jej dzisiejszej postaci to najlepszy do manipulacji system. W dużym stopniu manipulacja ta wykonywana jest przez postkomunistyczne media. Bez mocnego uderzenia w strukturę mediów w Polsce, nic się nie zmieni</p>
<p>9. W polityce międzynarodowej drogą do pokoju jest stosowanie siły przeciwko Rosji i państwom bandyckim. Uleganie szantażowi jest w każdym przypadku błędem.</p>
<p>10. Ograniczanie wolnego rynku jest objawem choroby świata na lewactwo. Tu (jedynie) jestem konserwatywnym <b>liberałem</b> w stylu UPR.</p>
<p>11. Z kilkoma innymi oszołomami prowadzę gadane polityczne <span style="text-decoration: underline;"><a href="http://niepoprawneradio.pl">Niepoprawne Radio PL</a></span> internetowe.</p>
<p>12. 10.IV.2010 jest datą najważniejszą w najnowszej historii Polski</p>
<p><strong>Uwagi dotyczące tej strony:</strong><br />
Komentarze, poza pierwszym oraz takimi które zawierają więcej niż 2 linki, nie są moderowane!<br />
Uwaga. Ograniczenie na ilość linków wprowadziłem po otrzymaniu pierwszej setki spamu.</p>

<p>To jest mój blog źródłowy. Piszę, bo denerwuje mnie rzeczywistość a Polska mnie nie nudzi! OK, czas się zdeklarować. Najłatwiej jak zwykle wypunktować. Oto moje 10+1 poglądów: 1. Uważam że komuniści, aktywni i sprawujący władzę w PRL powinni dziś gnić w więzieniach za zdradę Ojczyzny. Co niektórzy powinni otrzymać karę śmierci. 2. Z 1. wynika, [&hellip;]</p>
